[INFO] fetching crate hreq-h2 0.2.6-v2...
[INFO] checking hreq-h2-0.2.6-v2 against master#af3c6e733a40e671550e0f0f5aeecaa13772ba56 for pr-74989
[INFO] extracting crate hreq-h2 0.2.6-v2 into /workspace/builds/worker-9/source
[INFO] validating manifest of crates.io crate hreq-h2 0.2.6-v2 on toolchain af3c6e733a40e671550e0f0f5aeecaa13772ba56
[INFO] running `Command { std: "/workspace/cargo-home/bin/cargo" "+af3c6e733a40e671550e0f0f5aeecaa13772ba56" "read-manifest" "--manifest-path" "Cargo.toml", kill_on_drop: false }`
[INFO] started tweaking crates.io crate hreq-h2 0.2.6-v2
[INFO] finished tweaking crates.io crate hreq-h2 0.2.6-v2
[INFO] tweaked toml for crates.io crate hreq-h2 0.2.6-v2 written to /workspace/builds/worker-9/source/Cargo.toml
[INFO] crate crates.io crate hreq-h2 0.2.6-v2 already has a lockfile, it will not be regenerated
[INFO] running `Command { std: "/workspace/cargo-home/bin/cargo" "+af3c6e733a40e671550e0f0f5aeecaa13772ba56" "fetch" "--locked" "--manifest-path" "Cargo.toml", kill_on_drop: false }`
[INFO] [stderr]     Blocking waiting for file lock on package cache
[INFO] [stderr]     Blocking waiting for file lock on package cache
[INFO] running `Command { std: "docker" "create" "-v" "/var/lib/crater-agent-workspace/builds/worker-9/target:/opt/rustwide/target:rw,Z" "-v" "/var/lib/crater-agent-workspace/builds/worker-9/source:/opt/rustwide/workdir:ro,Z" "-v" "/var/lib/crater-agent-workspace/cargo-home:/opt/rustwide/cargo-home:ro,Z" "-v" "/var/lib/crater-agent-workspace/rustup-home:/opt/rustwide/rustup-home:ro,Z" "-e" "SOURCE_DIR=/opt/rustwide/workdir" "-e" "CARGO_TARGET_DIR=/opt/rustwide/target" "-e" "CARGO_HOME=/opt/rustwide/cargo-home" "-e" "RUSTUP_HOME=/opt/rustwide/rustup-home" "-w" "/opt/rustwide/workdir" "-m" "1610612736" "--user" "0:0" "--network" "none" "rustops/crates-build-env@sha256:d92eaeed33fa75130ca1ee6c8a01d1ffb62bac859dfdfb3450e3e5d1c0146529" "/opt/rustwide/cargo-home/bin/cargo" "+af3c6e733a40e671550e0f0f5aeecaa13772ba56" "metadata" "--no-deps" "--format-version=1", kill_on_drop: false }`
[INFO] [stdout] 016ccedb8170a868dd2b85b548a78f562fff45257eafbb59a4b1a1030ecd130d
[INFO] [stderr] WARNING: Your kernel does not support swap limit capabilities or the cgroup is not mounted. Memory limited without swap.
[INFO] running `Command { std: "docker" "start" "-a" "016ccedb8170a868dd2b85b548a78f562fff45257eafbb59a4b1a1030ecd130d", kill_on_drop: false }`
[INFO] running `Command { std: "docker" "inspect" "016ccedb8170a868dd2b85b548a78f562fff45257eafbb59a4b1a1030ecd130d", kill_on_drop: false }`
[INFO] running `Command { std: "docker" "rm" "-f" "016ccedb8170a868dd2b85b548a78f562fff45257eafbb59a4b1a1030ecd130d", kill_on_drop: false }`
[INFO] [stdout] 016ccedb8170a868dd2b85b548a78f562fff45257eafbb59a4b1a1030ecd130d
[INFO] running `Command { std: "docker" "create" "-v" "/var/lib/crater-agent-workspace/builds/worker-9/target:/opt/rustwide/target:rw,Z" "-v" "/var/lib/crater-agent-workspace/builds/worker-9/source:/opt/rustwide/workdir:ro,Z" "-v" "/var/lib/crater-agent-workspace/cargo-home:/opt/rustwide/cargo-home:ro,Z" "-v" "/var/lib/crater-agent-workspace/rustup-home:/opt/rustwide/rustup-home:ro,Z" "-e" "SOURCE_DIR=/opt/rustwide/workdir" "-e" "CARGO_TARGET_DIR=/opt/rustwide/target" "-e" "CARGO_INCREMENTAL=0" "-e" "RUST_BACKTRACE=full" "-e" "RUSTFLAGS=--cap-lints=forbid" "-e" "CARGO_HOME=/opt/rustwide/cargo-home" "-e" "RUSTUP_HOME=/opt/rustwide/rustup-home" "-w" "/opt/rustwide/workdir" "-m" "1610612736" "--user" "0:0" "--network" "none" "rustops/crates-build-env@sha256:d92eaeed33fa75130ca1ee6c8a01d1ffb62bac859dfdfb3450e3e5d1c0146529" "/opt/rustwide/cargo-home/bin/cargo" "+af3c6e733a40e671550e0f0f5aeecaa13772ba56" "check" "--frozen" "--all" "--all-targets" "--message-format=json", kill_on_drop: false }`
[INFO] [stdout] 6548702f00f1d5515af1e867cd9159afaf500713e61da4b227630f92a4f8f0c5
[INFO] [stderr] WARNING: Your kernel does not support swap limit capabilities or the cgroup is not mounted. Memory limited without swap.
[INFO] running `Command { std: "docker" "start" "-a" "6548702f00f1d5515af1e867cd9159afaf500713e61da4b227630f92a4f8f0c5", kill_on_drop: false }`
[INFO] [stderr]    Compiling libc v0.2.70
[INFO] [stderr]    Compiling proc-macro2 v1.0.15
[INFO] [stderr]    Compiling unicode-xid v0.2.0
[INFO] [stderr]    Compiling syn v1.0.23
[INFO] [stderr]     Checking once_cell v1.4.0
[INFO] [stderr]    Compiling log v0.4.8
[INFO] [stderr]     Checking cfg-if v0.1.10
[INFO] [stderr]    Compiling cc v1.0.54
[INFO] [stderr]     Checking slab v0.4.2
[INFO] [stderr]    Compiling byteorder v1.3.4
[INFO] [stderr]     Checking fnv v1.0.7
[INFO] [stderr]    Compiling autocfg v1.0.0
[INFO] [stderr]    Compiling memchr v2.3.3
[INFO] [stderr]     Checking bytes v0.5.4
[INFO] [stderr]     Checking itoa v0.4.5
[INFO] [stderr]     Checking futures-core v0.3.5
[INFO] [stderr]    Compiling serde v1.0.110
[INFO] [stderr]     Checking pin-project-lite v0.1.5
[INFO] [stderr]     Checking pin-utils v0.1.0
[INFO] [stderr]     Checking futures-io v0.3.5
[INFO] [stderr]     Checking quick-error v1.2.3
[INFO] [stderr]     Checking lazy_static v1.4.0
[INFO] [stderr]     Checking futures-sink v0.3.5
[INFO] [stderr]     Checking termcolor v1.1.0
[INFO] [stderr]     Checking hex v0.2.0
[INFO] [stderr]     Checking futures-task v0.3.5
[INFO] [stderr]     Checking humantime v1.3.0
[INFO] [stderr]    Compiling indexmap v1.3.2
[INFO] [stderr]     Checking http v0.2.1
[INFO] [stderr]     Checking base64 v0.10.1
[INFO] [stderr]    Compiling quote v1.0.6
[INFO] [stderr]     Checking iovec v0.1.4
[INFO] [stderr]     Checking net2 v0.2.34
[INFO] [stderr]     Checking rand v0.4.6
[INFO] [stderr]     Checking atty v0.2.14
[INFO] [stderr]    Compiling ring v0.16.13
[INFO] [stderr]     Checking env_logger v0.5.13
[INFO] [stderr]     Checking mio v0.6.22
[INFO] [stderr]     Checking rand v0.3.23
[INFO] [stderr]     Checking quickcheck v0.4.1
[INFO] [stderr]     Checking webpki v0.21.2
[INFO] [stderr]     Checking sct v0.6.0
[INFO] [stderr]     Checking rustls v0.16.0
[INFO] [stderr]     Checking webpki-roots v0.17.0
[INFO] [stderr]     Checking serde_json v1.0.53
[INFO] [stderr]    Compiling pin-project-internal v0.4.17
[INFO] [stderr]    Compiling tokio-macros v0.2.5
[INFO] [stderr]     Checking tokio v0.2.21
[INFO] [stderr]     Checking pin-project v0.4.17
[INFO] [stderr]     Checking futures-util v0.3.5
[INFO] [stderr]     Checking tokio-rustls v0.12.3
[INFO] [stderr]     Checking hreq-h2 v0.2.6-v2 (/opt/rustwide/workdir)
[INFO] [stdout] error[E0432]: unresolved import `h2`
[INFO] [stdout]  --> examples/server.rs:4:5
[INFO] [stdout]   |
[INFO] [stdout] 4 | use h2::server;
[INFO] [stdout]   |     ^^ use of undeclared type or module `h2`
[INFO] [stdout] 
[INFO] [stdout] 
[INFO] [stdout] error[E0432]: unresolved import `h2`
[INFO] [stdout]  --> examples/client.rs:1:5
[INFO] [stdout]   |
[INFO] [stdout] 1 | use h2::client;
[INFO] [stdout]   |     ^^ use of undeclared type or module `h2`
[INFO] [stdout] 
[INFO] [stdout] 
[INFO] [stdout] error: aborting due to previous error
[INFO] [stdout] 
[INFO] [stdout] 
[INFO] [stdout] For more information about this error, try `rustc --explain E0432`.
[INFO] [stdout] 
[INFO] [stderr] error: could not compile `hreq-h2`.
[INFO] [stderr] 
[INFO] [stderr] To learn more, run the command again with --verbose.
[INFO] [stderr] warning: build failed, waiting for other jobs to finish...
[INFO] [stdout] error: aborting due to previous error
[INFO] [stdout] 
[INFO] [stdout] 
[INFO] [stdout] For more information about this error, try `rustc --explain E0432`.
[INFO] [stdout] 
[INFO] [stdout] error[E0432]: unresolved import `h2`
[INFO] [stdout]  --> examples/akamai.rs:1:5
[INFO] [stdout]   |
[INFO] [stdout] 1 | use h2::client;
[INFO] [stdout]   |     ^^ use of undeclared type or module `h2`
[INFO] [stdout] 
[INFO] [stdout] 
[INFO] [stdout] error: aborting due to previous error
[INFO] [stdout] 
[INFO] [stdout] 
[INFO] [stdout] For more information about this error, try `rustc --explain E0432`.
[INFO] [stdout] 
[INFO] [stderr] error: build failed
[INFO] running `Command { std: "docker" "inspect" "6548702f00f1d5515af1e867cd9159afaf500713e61da4b227630f92a4f8f0c5", kill_on_drop: false }`
[INFO] running `Command { std: "docker" "rm" "-f" "6548702f00f1d5515af1e867cd9159afaf500713e61da4b227630f92a4f8f0c5", kill_on_drop: false }`
[INFO] [stdout] 6548702f00f1d5515af1e867cd9159afaf500713e61da4b227630f92a4f8f0c5
